 number?
True
Is 27818149 composite?
False
Is 2740409 prime?
False
Is 13432861 a composite number?
True
Is 54683023 prime?
False
Is 473731889 a prime number?
False
Is 13076969 a prime number?
True
Is 51893 a composite number?
False
Is 6530561 composite?
False
Is 48362437 prime?
False
Is 27553529 a prime number?
False
Is 7408397 composite?
True
Is 13053791 a prime number?
True
Is 72847297 composite?
False
Is 5447193 a prime number?
False
Is 237257781 prime?
False
Is 99213529 a composite number?
True
Is 27678809 a composite number?
True
Is 2714443 composite?
False
Is 6223993 a composite number?
False
Is 37034957 composite?
True
Is 2814941 composite?
False
Is 2759921 prime?
False
Is 4845193 prime?
False
Is 447509 a composite number?
False
Is 7769563 prime?
False
Is 4592909 a prime number?
False
Is 95992229 a composite number?
False
Is 29707253 composite?
False
Is 5306179 prime?
False
Is 304105 composite?
True
Is 18277403 a prime number?
True
Is 12859543 a prime number?
True
Is 39882581 prime?
True
Is 199840495 prime?
False
Is 536561 composite?
False
Is 5805341 composite?
False
Is 11997571 composite?
True
Is 5236367 prime?
True
Is 8944349 a prime number?
True
Is 5254559 a prime number?
True
Is 2698363 a prime number?
False
Is 114859853 a prime number?
True
Is 150872107 composite?
True
Is 79249949 a composite number?
False
Is 28698001 a composite number?
True
Is 7707157 a prime number?
True
Is 3464291 a composite number?
False
Is 39399467 a composite number?
True
Is 1349651 composite?
False
Is 428743561 composite?
True
Is 111958303 a prime number?
False
Is 1170779 a prime number?
True
Is 8095333 a prime number?
False
Is 31172003 composite?
True
Is 674545 composite?
True
Is 852569 a prime number?
True
Is 16576891 a composite number?
False
Is 4038187 prime?
True
Is 20036831 a prime number?
True
Is 29144539 composite?
True
Is 27887417 a prime number?
True
Is 337427561 a prime number?
True
Is 57574171 a prime number?
False
Is 1529293 a composite number?
True
Is 3074459 prime?
True
Is 2657609 prime?
True
Is 776973391 prime?
True
Is 32043499 a composite number?
False
Is 125732767 a prime number?
False
Is 73016453 a prime number?
False
Is 14927719 a prime number?
True
Is 42665593 a composite number?
False
Is 632626077 prime?
False
Is 10872217 prime?
False
Is 121268897 prime?
True
Is 6425899 composite?
False
Is 3135877 a prime number?
True
Is 5841821 a prime number?
True
Is 336449 a prime number?
False
Is 42377177 a composite number?
False
Is 7355113 a prime number?
False
Is 138881917 prime?
True
Is 71929967 a composite number?
False
Is 27704269 prime?
True
Is 20977237 a composite number?
True
Is 35185451 a composite number?
True
Is 5984983 prime?
False
Is 139251713 a composite number?
False
Is 97917646 composite?
True
Is 33818417 composite?
True
Is 1152917 prime?
True
Is 31095971 composite?
True
Is 178636298 a prime number?
False
Is 287170463 composite?
True
Is 5546647 prime?
True
Is 2325089 a composite number?
True
Is 532691 prime?
True
Is 28094723 composite?
True
Is 68837869 a composite number?
True
Is 9239189 a prime number?
True
Is 538319 prime?
False
Is 2555067223 a prime number?
True
Is 8941249 composite?
False
Is 409746319 a prime number?
False
Is 13759763 a prime number?
True
Is 2671547 a prime number?
False
Is 256117 a prime number?
True
Is 458227369 a prime number?
True
Is 156216503 a composite number?
True
Is 707249 prime?
True
Is 18164093 composite?
False
Is 28831679 prime?
False
Is 12671699 a composite number?
True
Is 457979 composite?
False
Is 201637291 prime?
False
Is 77672713 prime?
True
Is 127396297 a prime number?
False
Is 42632211 composite?
True
Is 1780553 composite?
True
Is 567709 a prime number?
False
Is 363349309 composite?
False
Is 57971153 a composite number?
False
Is 713939 a prime number?
True
Is 784169 a composite number?
True
Is 229687481 a composite number?
True
Is 1754338 prime?
False
Is 6470389 a prime number?
False
Is 141907 composite?
False
Is 126797 composite?
True
Is 92048789 a prime number?
False
Is 8007449 a composite number?
False
Is 358567121 a composite number?
True
Is 25746313 composite?
True
Is 10931233 a prime number?
False
Is 15236909 a prime number?
False
Is 19647079 a composite number?
True
Is 16262749 prime?
True
Is 94310113 composite?
False
Is 9291613 a composite number?
False
Is 40258565 a composite number?
True
Is 6154705 prime?
False
Is 4517363 composite?
False
Is 3967261 a prime number?
False
Is 5105777 composite?
True
Is 150686959 a composite number?
True
Is 35757913 a prime number?
True
Is 15867667 a prime number?
True
Is 946993 a composite number?
False
Is 312161 composite?
False
Is 849001 composite?
True
Is 11953961 a prime number?
True
Is 36153701 prime?
True
Is 10060663 a composite number?
False
Is 191067231 a prime number?
False
Is 25692233 a composite number?
True
Is 6350953 a composite number?
True
Is 3358493 a prime number?
False
Is 900547 a prime number?
False
Is 459048907 a prime number?
True
Is 36568991 a composite number?
False
Is 56703001 a prime number?
True
Is 693322262 prime?
False
Is 129341 a prime number?
True
Is 12179291 prime?
True
Is 1676699 a prime number?
False
Is 352167643 a composite number?
True
Is 32419 prime?
False
Is 115955605 a prime number?
False
Is 1517849 a composite number?
False
Is 173749711 composite?
False
Is 4554307 a prime number?
True
Is 96352717 a composite number?
True
Is 14568727 composite?
False
Is 703102 composite?
True
Is 185756531 prime?
True
Is 7103333 prime?
True
Is 32644123 a prime number?
False
Is 30073191 a composite number?
True
Is 3032747 a composite number?
True
Is 171040271 a composite number?
False
Is 7086889 prime?
True
Is 10310441 composite?
False
Is 640451 composite?
True
Is 269063 a composite number?
False
Is 322436941 a prime number?
True
Is 40041623 composite?
True
Is 285179 a composite number?
False
Is 47191849 a composite number?
True
Is 3771091 composite?
False
Is 25492321 prime?
True
Is 17077517 prime?
True
Is 9114197 composite?
False
Is 215497 composite?
False
Is 223608865 a composite number?
True
Is 19987693 composite?
True
Is 47531777 a prime number?
False
Is 126339023 a composite number?
True
Is 295973 a prime number?
True
Is 62276629 composite?
False
Is 1181231 composite?
True
Is 558452633 prime?
True
Is 32198591 prime?
True
Is 44700545 prime?
False
Is 4458161 a prime number?
False
Is 971707 a prime number?
False
Is 2021729 a composite number?
False
Is 127725259 a prime number?
True
Is 8971195 a prime number?
False
Is 15564991 composite?
True
Is 82466459 prime?
False
Is 16632611 a composite number?
True
Is 104539397 a composite number?
True
Is 78426193 a composite number?
False
Is 17825947 composite?
False
Is 401012441 composite?
False
Is 2005249 composite?
False
Is 2039341 a composite number?
True
Is 22507253 a composite number?
False
Is 152718859 a composite number?
False
Is 375149 a composite number?
False
Is 24063989 composite?
False
Is 3166637 prime?
True
Is 12214453 a composite number?
True
Is 91502861 a prime number?
False
Is 22533369 a prime number?
False
Is 24553349 prime?
True
Is 14530039 prime?
True
Is 2389189 a prime number?
False
Is 273219269 composite?
True
Is 38385097 prime?
True
Is 239919371 prime?
False
Is 1942295 a prime number?
False
Is 10028479 composite?
False
Is 64394927 prime?
True
Is 54440501 composite?
False
Is 687889 composite?
True
Is 20293579 a prime number?
True
Is 16048117 prime?
True
Is 4169573 prime?
False
Is 3384431 prime?
True
Is 1101071 a prime number?
True
Is 10304831 a prime number?
False
Is 4490869 a prime number?
False
Is 392229301 prime?
True
Is 93591947 composite?
True
Is 282478979 prime?
False
Is 8157241 composite?
False
Is 9919573 a composite number?
False
Is 361252747 a prime number?
True
Is 58199111 prime?
True
Is 286894066 a composite number?
True
Is 22420105 prime?
False
Is 13135919 composite?
False
Is 16513073 a prime number?
True
Is 708973 composite?
True
Is 18319643 a composite number?
False
Is 5672869 a composite number?
False
Is 34451369 a prime number?
True
Is 13879466 a composite number?
True
Is 4378551 prime?
False
Is 5745823 composite?
False
Is 54851411 composite?
False
Is 3189386 prime?
False
Is 17754361 a prime number?
True
Is 252449 composite?
False
Is 9395051 prime?
